 s**3/3 + 2*s**2. Let t = 19 + -11. What is h(t)?
14
Let f(m) = -3*m - 17. Let h(t) = -t**3 - 3*t**2 + 5*t + 11. Let o be h(-3). Determine f(o).
-5
Let r(j) = j + 3. Let n be r(-1). Suppose 4*y + n + 2 = 0. Let o(x) = -3 - 8*x + 9*x - 11*x**3 + 2*x**2 + 3. What is o(y)?
12
Let h(m) = -m + 6. Let y(a) = 1. Let b(z) = -h(z) + 3*y(z). Suppose 2*g + g - g = 0. What is b(g)?
-3
Let z be 4/((-3)/(-9)*3). Let v = -1 - z. Let h = -5 - v. Let b(n) = n**2 + n. Give b(h).
0
Let l(h) be the third derivative of h**2 + 4/3*h**3 + 1/4*h**4 + 0 + 0*h - 1/60*h**5. Let n(r) = 8*r**2 + 17*r + 15. Let j be n(-1). Determine l(j).
8
Let u(d) = -14*d - 2. Suppose -87*a + 78*a = 9. Give u(a).
12
Let i(v) = 4*v**2 + 5. Let w(b) = -b**3 - b**2 + b - 1. Let h(z) = -i(z) - w(z). Let g = -20 - -23. Determine h(g).
-7
Let m(z) = -2*z + 8. Let h(q) = q**3 + 10*q**2 + 6*q - 7. Let o be h(-10). Let t = o - -73. Give m(t).
-4
Let o = 59 + -73. Let m = o - -15. Let k(x) = -x**3 - x**2 - x. Let r(d) = -9*d**3 - 4*d**2 - 6*d - 1. Let l(b) = -6*k(b) + r(b). Determine l(m).
-2
Let j(a) = -a**3 + 8*a**2 - 8*a + 5. Suppose 5*z - 15 = 4*w + 15, 5*w - 2*z = -29. Suppose 3*r = r + 4. Let l = r - w. What is j(l)?
-2
Let h(v) = 20*v + 3. Let b(z) = -7*z - 1. Let p = -14 + -3. Let f(r) = p*b(r) - 6*h(r). What is f(7)?
-8
Let v(a) be the second derivative of -4/3*a**3 + 0 + a**2 - 34*a + 1/20*a**5 - 7/12*a**4. Give v(8).
2
Let d(i) = 1. Let f be ((-1)/3)/((28/21)/(-4)). Let a(h) = -h**3 + 4*h**2 - 2*h - 3. Let p(o) = f*a(o) + 2*d(o). Let v be 2/5 + 8/5. Give p(v).
3
Let r(u) = u - 1. Let v be ((-25)/(-10))/((-10)/(-8)). Determine r(v).
1
Let d(s) be the first derivative of -13*s**2/2 + s + 37. Give d(-1).
14
Let n(x) = -x**2 + 4*x - 1. Let z(s) = s**3 + 8*s**2 - 10*s - 7. Let c be z(-9). Suppose -c*u + 14 = 6. Determine n(u).
-1
Let q(w) = 515 + 515 - 3*w - 1033 + 2*w. Calculate q(-2).
-1
Suppose 3*c - 12 = 3*d, -c + d - 2*d - 4 = 0. Suppose c*q - 4 = -2*q. Let o(i) = 2*i**3 - 3*i**2 + 2*i + 2. Calculate o(q).
10
Let n(r) = -20*r**2 + r**3 + 17*r**3 - 16*r**3 - 12 + 19*r + 0*r**3. Give n(9).
-3
Let p be (-1)/(-1) - ((0 - 1) + 8). Let k(h) = h**2 + 12*h - 3. Determine k(p).
-39
Let f(j) = 2*j**2 + j**2 + 0*j + 0*j**3 + j - j**3 + 4. Let u = 23 - 20. Suppose -u*g - 9 = -3*r, r + 4*g - 3 = -g. Determine f(r).
7
Let g(v) be the second derivative of -24*v + 7/2*v**2 - 5/12*v**4 + 1/20*v**5 + 0 - 1/3*v**3. Determine g(5).
-3
Suppose -3*y + 18 = -3*u, y - 3*u = 12 + 2. Let m(a) = -5*a**2 - 3*a + 1 - 3 + 6*a**y - 3*a. Suppose 5*h - h - 24 = 0. Give m(h).
-2
Let i(q) = 5*q**2 + 2*q + 2. Suppose 20 = -5*s + 2*w, 4*s - w = -0*w - 13. Determine i(s).
18
Let g(s) = s**2 - 7*s + 3. Let i be g(6). Let v(p) = -p**2 + 23*p - 20. Let n be v(22). Let y(b) = -b**3 + 5 - 3*b**2 - 1 + 0*b**n. Calculate y(i).
4
Let o(g) = -g**2 - 6*g - 3. Let q be 2/15 - 1432/(-60). Suppose 4*m = -0*m - q. Give o(m).
-3
Let j = 15 - 2. Let v(t) = -5 + t**3 - j*t - 3*t**2 + 14*t + 0. Determine v(4).
15
Let j(i) = -4*i**2 + 3*i - 3. Suppose 4*s - 3*s = -f - 1, -s - 1 = 5*f. Suppose 0*y - 3*y + 36 = f. Suppose q = -1, -y = -5*g + q + q. Calculate j(g).
-13
Let r(q) be the second derivative of -1/3*q**3 - 1/2*q**4 + 1/20*q**5 + 0 + 3*q**2 - 19*q. Determine r(6).
-6
Suppose -2*o + 2 = 3*o + f, 5*f - 10 = 0. Let h(l) = -1. Let x(w) be the second derivative of -w**3/6 + w**2/2 + 2*w. Let c(m) = 2*h(m) + x(m). Calculate c(o).
-1
Let g(z) = -2*z - 14. Let p be g(-10). Let x be 50/8 - p/24. Let d(t) = -6*t + t**2 - x + 0*t + t. What is d(5)?
-6
Let v be (-4 - 23)*2/6. Let f(j) = j**2 + 10*j + 7. What is f(v)?
-2
Let d = 5 + -9. Let t(j) = -j**2 - 5*j + 1. Let l be t(d). Suppose -2*n - 5*v - 14 = 0, l*n = 5*v - 0*v. Let c(b) = -b**3 + 3*b**2 + 2*b - 1. What is c(n)?
15
Let q(t) = t**3 - 6 - 4*t + 1 + 61*t**2 - 56*t**2. Determine q(-5).
15
Suppose -18*l + 138 = 102. Let z(k) be the first derivative of -1/3*k**3 - 3/2*k**l - 3*k + 8. What is z(-2)?
-1
Let y(g) be the first derivative of -3/2*g**2 + 14 - g - 1/3*g**3. Let w = -12 - -8. Give y(w).
-5
Let v(b) be the third derivative of 0 - 4*b**2 + 0*b + 1/3*b**3 - 1/24*b**4. What is v(0)?
2
Let l(q) = -q**3 + 6*q**2 + 7*q + 1. Let d be (-4)/(-16) + (-19)/(-4). Suppose -d*h = -4*w - 39, -h - 2*h + 5*w + 26 = 0. Calculate l(h).
1
Let y(l) = l - 1. Let x(q) = -q**3 + 5*q**2 + 6*q - 3. Let m be x(5). Suppose -3*k + m = 2*a, 5*a + 5*k = 2*k + 45. Determine y(a).
5
Suppose 5*o = -151 + 116. Let r(b) = b**3 + 8*b**2 + 6*b - 3. Give r(o).
4
Let v(n) = -2*n - 2. Suppose -2*t - 2*j = -7*j - 90, -4*t + 2*j + 164 = 0. Let m be (-15)/t*4 - 3/2. What is v(m)?
4
Suppose 8 = 5*n - 12. Let m(v) = -n - v - 2*v**2 - 2*v**3 + v**3 + 0. Let a(z) = -z**3 + 88*z**2 - 341*z + 417. Let t be a(84). Determine m(t).
8
Let x(p) = -2*p - 3. Let w(n) = 8*n - 4. Let z(g) = -w(g) - 5*x(g). What is z(-13)?
-7
Let i(s) = s - 1. Let c(z) = -z**2 + 11*z - 8. Let u(o) = -c(o) + i(o). What is u(9)?
-2
Let r(m) be the second derivative of m**3/3 + 20*m**2 - m - 171. Determine r(-19).
2
Suppose 0 = s + 5*d + 22, 4*s - 4*d + d = 4. Let g be 0 + -6*s/(-3). Let t(n) = -n**3 - 4*n**2 - n - 4. Give t(g).
0
Let b(i) = i + 12*i + 6 + i**2 + i + 9. Give b(-13).
2
Let l(g) be the first derivative of -g**3/3 - g**2 + 3*g + 258. Suppose 0 = 7*b - 12*b + 10. Calculate l(b).
-5
Let x(c) = -3*c**2 - 2*c. Let w(t) = -7*t**2 - 4*t. Let v(m) = 2*w(m) - 5*x(m). Determine v(0).
0
Let x(z) = 21*z**2 - 4*z + 9. Let b(o) = 31*o**2 - 5*o + 10. Let c(w) = -2*b(w) + 3*x(w). Determine c(8).
55
Let q be 4/2 - 0/2. Let i(p) = p**3 + p**2 - 1. Let g(v) = -6*v**3 - v**2 - 2*v + 3. Let d(r) = g(r) + 4*i(r). What is d(q)?
-9
Let r(p) = 2*p + 6. Let t be r(0). Let y(n) = 6*n + t + n**2 + 3*n - 3*n + n. Calculate y(-5).
-4
Let y(v) = v**2 - 4*v - 3. Let j(k) = -3*k - 12. Let t be j(-7). Let w be t/(-12) - 23/(-4). Calculate y(w).
2
Let v(s) be the first derivative of -s + 5. Let m(y) = -9*y + 4. Let t(b) = -m(b) - 5*v(b). Determine t(1).
10
Let x(o) = -12 + o**3 - 940*o**2 + 939*o**2 + 0*o**3. Give x(0).
-12
Let x(h) = h**2 + 8*h + 7. Let t(b) = b + 15. Let y be t(-7). Suppose 3*g = y*g. Suppose g = -2*q + 5 - 15. Give x(q).
-8
Let f(z) = 3 + 3*z + 0 - 2*z + 0*z. Calculate f(-9).
-6
Let r(u) = -u**2 - 4*u + 1. Suppose -18 = -2*w - 0*w + 2*y, 3*w + 5 = -5*y. Let o be (10/w + -1)*-5. What is r(o)?
-4
Let s(q) = -q + 3. Let u(p) = -13 - 4 + 15 + p. Let i(l) = -3*s(l) - 4*u(l). Let x = 11 - 5. What is i(x)?
-7
Let y = 158 + -78. Suppose 0 = -0*t + 4*t - y. Let c(j) = t + 4*j - 3*j - 20. Calculate c(0).
0
Let f(i) = i + 1. Let s(n) = -35*n - 42. Let g(l) = l**2 + l - 7. Let k be g(-3). Let d(u) = k*s(u) - 42*f(u). Give d(-1).
7
Suppose -5*o + 13 = -t, -o = 2*t - 17 - 12. Let q be 210/(-36) + (-2)/t. Let j(h) = -7*h + 1. Let y(u) = 3*u. Let b(z) = 2*j(z) + 5*y(z). What is b(q)?
-4
Let n = -404 - -414. Let u(c) = 2*c**2 - 19*c - 7. What is u(n)?
3
Suppose -3*l = 4*p + 2, -5 = 5*p + 5*l - 0*l. Let v = -3 + p. Let q(o) be the first derivative of -o**4/4 + o**2/2 + 2*o - 28. Calculate q(v).
8
Let t = 1 + 2. Let f = -52 + 60. Let p(n) = -2*n - n**2 + 2*n**2 - 5 + f - 5. Determine p(t).
1
Suppose -8*s + 10 = -3*s. Let z be s - (-2 - 12/(-4)). Let q(k) = z - 7*k + 4*k - 2*k. What is q(-1)?
6
Let g(v) be the first derivative of 7 - 1/2*v**2 + 2*v - 1/2*v**4 + 2/3*v**3. Give g(2).
-8
Let r(w) = -4*w - 5. Suppose -6*k = -390 + 438. What is r(k)?
27
Let q(k) = -2*k**3 - k**2. Suppose -m = -4*m - 4*f + 24, 12 = 4*f. Suppose 0 = 3*p - m*d - 6, -6*p + 3*p - 3*d = 15. Let z be -1 + (-1 - 1 - p). Calculate q(z).
1
Suppose 0*l - 3*l + 8 = -4*t, 0 = -4*t + 4. Suppose 36 = 2*z + 2*z - l*c, 4*z - 2*c - 32 = 0. Let u(j) = z*j - 5*j - 4*j. Calculate u(1).
-2
Suppose 3*p = -3*w - w + 4, 2*w + 8 = p. Let s(u) = -3*u - 2. Calculate s(w).
4
Let r(z) be the second derivative of -z**3/6 + 7*z**2/2 + z. Let b be -2*(2/(-12))/(1/15). What is r(b)?
2
Let j(p) = 2*p + 1. Let d(l) = -5*l - 7. Let t(z) = -d(z) - 3*j(z). Suppose -2*r - 34 = 4*s, s - r - 3*r - 14 = 0. Give t(s).
10
Let s(w) = -23*w**3 - 22*w**2 + 5*w - 20. Let p(y) = 4*y**3 + 2*y**2 + y. Let l(b) = 6*p(b) + s(b). What is l(9)?
-2
Suppose -a + 0*n + 3*n - 4 = 0, -n = 2*a + 8. Let c(z) = -2*z**2 + 89*z + 11. Let p(k) = -k**2 + 50*k + 6. L